?
20122200
In base 4, what is 2 - 33030?
-33022
In base 15, what is -86c - 5?
-872
In base 14, what is -2a + -5?
-31
In base 3, what is -2220112 - -11?
-2220101
In base 14, what is 28 + -3a3?
-379
In base 11, what is 322 + -39?
294
In base 4, what is -11 - -1213?
1202
In base 14, what is -5 + -1c?
-23
In base 11, what is -1 - 60?
-61
In base 8, what is 371 + 16?
407
In base 14, what is -1 + c5b?
c5a
In base 11, what is 2 + -250?
-249
In base 16, what is 1 - 17c4?
-17c3
In base 8, what is -455 + 6?
-447
In base 2, what is 101100 + 1010101?
10000001
In base 7, what is 566 + 0?
566
In base 7, what is -4 + 650?
643
In base 14, what is 1a8 + -8?
1a0
In base 3, what is 0 + 21?
21
In base 11, what is -510 - 5?
-515
In base 7, what is 1643 - -1?
1644
In base 4, what is -231 + 1012?
121
In base 15, what is -4 - -265?
261
In base 4, what is 2112 + -123?
1323
In base 2, what is -101 - 10100101110?
-10100110011
In base 15, what is 1e - -2?
21
In base 13, what is 28 - -b0?
108
In base 8, what is -56 + -16?
-74
In base 2, what is 11100 + 111?
100011
In base 15, what is 5 - -d4?
d9
In base 4, what is -10 + -1213?
-1223
In base 14, what is 91 - -1?
92
In base 11, what is 195 + 3?
198
In base 13, what is -4 + -11?
-15
In base 10, what is 5 + -21?
-16
In base 3, what is -1221 + 10?
-1211
In base 3, what is 1022102 + 12?
1022121
In base 8, what is -7 + 1453?
1444
In base 3, what is 1 + 100002?
100010
In base 5, what is 2 - 1323?
-1321
In base 12, what is -169 + -5?
-172
In base 6, what is 213 - 11?
202
In base 14, what is 201 + 4?
205
In base 2, what is 110101101 - 100?
110101001
In base 2, what is 100000 + 11011000?
11111000
In base 10, what is -93 + -18?
-111
In base 8, what is 15 + 45?
62
In base 3, what is -2 + 102?
100
In base 16, what is 626 + 4?
62a
In base 13, what is -2a9 - 0?
-2a9
In base 13, what is 9 + -7?
2
In base 2, what is -100 - -111101110001?
111101101101
In base 11, what is -81 + 2?
-7a
In base 6, what is -52153 - 3?
-52200
In base 15, what is 1dd + -14?
1c9
In base 7, what is 2 + -1121?
-1116
In base 16, what is -f + 4?
-b
In base 15, what is -1 + 51d?
51c
In base 6, what is -1534 - -212?
-1322
In base 9, what is -1 + -46?
-47
In base 2, what is 1 - -11000100?
11000101
In base 9, what is 8 - -14?
23
In base 8, what is 443 + 4?
447
In base 11, what is -6 - -5?
-1
In base 14, what is 28 - 6?
22
In base 15, what is 67 + -2b?
3b
In base 4, what is -31321 + 10?
-31311
In base 4, what is -200 - 11?
-211
In base 12, what is 418 + -5?
413
In base 15, what is -52 - 44?
-96
In base 6, what is -1123 - 11?
-1134
In base 14, what is -14 - 2c?
-42
In base 2, what is -10111011101 - 110?
-10111100011
In base 5, what is -12 - 22?
-34
In base 13, what is -506 - 4?
-50a
In base 8, what is -3 + -2600?
-2603
In base 16, what is 12 + 11?
23
In base 3, what is 2100 + -100?
2000
In base 13, what is 425 - 2?
423
In base 10, what is -3 + 321?
318
In base 6, what is 15352 - 1?
15351
In base 11, what is 38 - 35?
3
In base 3, what is 10102002 - -1?
10102010
In base 7, what is -31 - 4?
-35
In base 6, what is 54113 + 0?
54113
In base 6, what is 4 + -11520?
-11512
In base 8, what is 1 + 330?
331
In base 5, what is 34123 + -2?
34121
In base 8, what is 710 + -5?
703
In base 6, what is 240 - -1?
241
In base 11, what is -7a4 + 0?
-7a4
In base 16, what is 1 + 8c?
8d
In base 13, what is 10 - -c0?
100
In base 15, what is 2 + -133b?
-1339
In base 16, what is 2c - 3?
29
In base 15, what is -1dd + -3?
-1e1
In base 16, what is 9b3 + 3?
9b6
In base 16, what is -65 - 1?
-66
In base 13, what is 0 + -33?
-33
In base 5, what is -104 + 2?
-102
In base 11, what is -12 - 36?
-48
In base 12, what is 55a5 - -5?
55aa
In base 4, what is 0 - 11?
-11
In base 11, what is 15a + -2?
158
In base 15, what is -95 + 2?
-93
In base 8, what is -20 - 1?
-21
In base 16, what is 1 - -411?
412
In base 14, what is 4b + 54?
a1
In base 10, what is -848 - -1?
-847
In base 6, what is -1 + 515?
514
In base 2, what is 100 - 1010110000?
-1010101100
In base 15, what is 7c + -10?
6c
In base 16, what is -5d - 1?
-5e
In base 4, what is 1 - 322?
-321
In base 16, what is -2 - -1d?
1b
In base 2, what is -1 + 1001010000?
1001001111
In base 2, what is -1 - 1?
-10
In base 4, what is -132120 + 3?
-132111
In base 14, what is -56 - 2?
-58
In base 14, what is -5c7 - -1?
-5c6
In base 11, what is 2 - 29?
-27
In base 12, what is -3678 + 1?
-3677
In base 7, what is 4 - 5?
-1
In base 5, what is 0 - -13044?
13044
In base 15, what is -37 + 6?
-31
In base 13, what is 9 + -71?
-65
In base 15, what is 4 + e3?
e7
In base 11, what is 8 + -282?
-275
In base 6, what is 1150 + -34?
1112
In base 12, what is 3 + 14a?
151
In base 16, what is 39 - 0?
39
In base 9, what is -5 + 38?
33
In base 13, what is -c + 29b?
28c
In base 5, what is -14 - -10?
-4
In base 11, what is 5 + -753?
-749
In base 7, what is 0 + 630?
630
In base 5, what is -231 + 11?
-220
In base 7, what is 13345 - 5?
13340
In base 10, what is -686 - 2?
-688
In base 12, what is -34 + -22?
-56
In base 9, what is 3051 + -2?
3048
In base 2, what is 0 - 1001110?
-1001110
In base 8, what is -101 + -355?
-456
In base 6, what is 325 - 5?
320
In base 9, what is -5 - -6014?
6008
In base 4, what is 21033 - 11?
21022
In base 4, what is 2 + -223?
-221
In base 5, what is -33 + 12?
-21
In base 13, what is 2 - 85?
-83
In base 3, what is 12011 + 200?
12211
In base 14, what is -558 + 2?
-556
In base 9, what is -70 + -38?
-118
In base 9, what is -357 + -2?
-360
In base 16, what is -2042 - -5?
-203d
In base 9, what is -35 + -5?
-41
In base 13, what is -5 - 9c?
-a4
In base 3, what is 2 - 12?
-10
In base 6, what is 3 + 1034?
1041
In base 13, what is 8 - 51?
-46
In base 2, what is 10001 + 101010?
111011
In base 2, what is 11 + -101011?
-101000
In base 4, what is -11 + 221031?
221020
In base 2, what is -10000001010 - 11?
-10000001101
In base 2, what is -101101010 + 100?
-101100110
In base 12, what is 25 + 57?
80
In base 9, what is -13 + 62?
48
In base 2, what is -110110110 - 100?
-110111010
In base 15, what is -29bc + -2?
-29be
In base 2, what is -101 + -100110?
-101011
In base 14, what is -2 - 333?
-335
In base 12, what is 6 - -4?
a
In base 3, what is 1112 + -1?
1111
In base 16, what is -32 - -2?
-30
In base 8, what is 0 + 10?
10
In base 11, what is -4 - 411?
-415
In base 4, what is 1 - -1033?
1100
In base 11, what is 683 - -4?
687
In base 15, what is -7a - 105?
-180
In base 16, what is -2cd - 0?
-2cd
In base 10, what is 5500 - 7?
5493
In base 3, what is 1121 + -2221?
-1100
In base 9, what is -12 + 42?
30
In base 10, what is -9 + 167?
158
In base 9, what is -3 + -6?
-10
In base 15, what is -8 + 17d?
175
In base 16, what is 5 + -5?
0
In base 4, what is -32 - 1120?
-1212
In base 16, what is 8 + -317?
-30f
In base 11, what is -2 + -4?
-6
In base 9, what is 828 - -6?
835
In base 8, what is 1030 + 5?
1035
In base 10, what is -347 - 5?
-352
In base 10, what is 427 + -9?
418
In base 6, what is 10 - -41?
51
In base 5, what is 0 + 111?
111
In base 15, what is 4ee + 2?
501
In base 16, what is -5 + -9a1?
-9a6
In base 9, what is -121 + 1?
-120
In base 8, what is 3 - 53?
-50
In base 10, what is 4 + 34?
38
In base 6, what is -3315 - 11?
-3330
In base 14, what is 2 - 74?
-72
In base 10, what is -1537 + -2?
-1539
In base 10, what is 4 - 310?
-306
In base 5, what is 202 - -10?
212
In base 14, what is 3 + -16?
-13
In base 6, what is 4543 + -5?
4534
In base 7, what is 5 - 16513?
-16505
In base 15, what is 4 + 439?
43d
In base 16, what is -272 + -2?
-274
In base 12, what is -6 + -50?
-56
In base 13, what is 163 + 55?
1b8
In base 5, what is -420 - 14?
-434
In base 12, what is -1 + -59?
-5a
In base 5, what is 2 + 3340?
3342
In base 3, what is 1 + -201?
-200
In base 15, what is 3 - 8c6?
-8c3
In base 15, what is -6 - 87?
-8d
In base 10, what is 145 + 18?
163
In base 2, what is -100101 - 110100?
-1011001
In base 10, what is -212 - 4?
-216
In base 8, what is 23 + -2?
21
In base 5, what is -202 + 20?
-132
In base 7, what is -3256 - -3?
-3253
In base 11, what is -7 - -46?
3a
In base 11, what is 1 - -46?
47
In base 4, what is 11 + -1131?
-1120
In base 2, what is -1010110 + -101?
-1011011
In base 4, what is 10020 - -20?
10100
In base 5, what is -20 - 11?
-31
In base 14, what is -49 + -2a?
-75
In base 5, what is -243 - -1?
-242
In base 1